Is 21 a factor of 38203473?
True
Does 13 divide 1169345931?
True
Does 279 divide 356942783?
False
Is 17 a factor of 277678153?
True
Is 172400000 a multiple of 400?
True
Is 8006803 a multiple of 134?
False
Is 96136007 a multiple of 98?
False
Is 2572952480 a multiple of 280?
True
Is 15 a factor of 2809853326?
False
Is 2679 a factor of 69823496?
False
Is 131960101 a multiple of 337?
True
Is 1036 a factor of 91204260?
True
Is 567 a factor of 50655213?
True
Is 128914661 a multiple of 15?
False
Is 67329510 a multiple of 46?
True
Does 869 divide 84593674?
True
Is 1393 a factor of 136574438?
False
Does 65 divide 921253255?
True
Is 2279 a factor of 260785970?
True
Does 17 divide 8134704?
True
Does 1764 divide 550801944?
True
Is 5170 a factor of 381289390?
False
Is 24 a factor of 6040008?
True
Does 259 divide 399152152?
True
Does 385 divide 55975235?
False
Is 196 a factor of 11421404?
False
Is 1979949132 a multiple of 18?
True
Is 468 a factor of 16807167?
False
Does 48 divide 932469067?
False
Is 3441198099 a multiple of 414?
False
Is 13 a factor of 457294495?
False
Is 15756480 a multiple of 148?
False
Does 635 divide 17272125?
False
Is 50945812 a multiple of 224?
False
Is 2194906801 a multiple of 15?
False
Does 14 divide 6898612?
True
Is 271 a factor of 1199414?
False
Is 29 a factor of 122949183?
True
Is 472485670 a multiple of 253?
False
Is 6 a factor of 29798101?
False
Is 62941149 a multiple of 9?
True
Is 51898368 a multiple of 4?
True
Does 18 divide 46122822?
True
Is 505 a factor of 5026529?
False
Does 20 divide 218913600?
True
Is 1058 a factor of 2806278346?
True
Is 1840743774 a multiple of 69?
True
Is 230816781 a multiple of 117?
True
Is 10 a factor of 1222037240?
True
Is 81911982 a multiple of 4426?
True
Does 9 divide 4426553704?
False
Does 17 divide 1665043?
False
Is 16 a factor of 211792?
True
Is 26 a factor of 74413859?
False
Does 1368 divide 1918830728?
False
Is 3451 a factor of 394345770?
True
Does 24 divide 37820050?
False
Is 526139256 a multiple of 136?
True
Is 2380274940 a multiple of 1234?
True
Is 296 a factor of 14042249?
False
Does 903 divide 67919145?
True
Is 163958214 a multiple of 972?
False
Is 592097399 a multiple of 101?
False
Does 10 divide 313325803?
False
Does 2 divide 11931740?
True
Is 39 a factor of 2071371900?
True
Is 117 a factor of 2023229?
False
Does 32 divide 279028224?
True
Is 13 a factor of 9668041?
False
Does 147 divide 64222095?
True
Is 40212544 a multiple of 202?
True
Is 543410474 a multiple of 453?
False
Does 146 divide 194288385?
False
Is 3606497 a multiple of 4?
False
Does 194 divide 25855156?
True
Is 15 a factor of 357780?
True
Is 203 a factor of 19600319?
False
Does 73 divide 3028227830?
False
Is 46061456 a multiple of 6?
False
Does 1935 divide 97284060?
True
Is 3456833 a multiple of 97?
False
Does 140 divide 41851213?
False
Does 93 divide 509045746?
False
Is 2802461220 a multiple of 68?
True
Is 136586604 a multiple of 759?
True
Does 10 divide 57251920?
True
Is 85 a factor of 61302296?
False
Does 7 divide 22752603?
False
Is 1492920986 a multiple of 2291?
True
Does 89 divide 19325333?
False
Does 676 divide 70247216?
True
Is 5135 a factor of 1312444380?
True
Is 46010840 a multiple of 122?
False
Does 17 divide 25457466?
True
Is 675424932 a multiple of 42?
True
Is 162 a factor of 66207037?
False
Is 270 a factor of 271127912?
False
Does 1871 divide 278510695?
False
Does 21 divide 354152064?
True
Is 56 a factor of 360595592?
True
Is 166 a factor of 40401744?
True
Is 1023 a factor of 70343526?
True
Is 471 a factor of 9833814?
False
Is 30 a factor of 14829660?
True
Is 12 a factor of 327149124?
True
Does 6 divide 482171994?
True
Does 153 divide 1691841771?
False
Is 3701352057 a multiple of 13?
True
Does 10 divide 13292137?
False
Is 12 a factor of 1776428?
False
Does 2879 divide 2681204799?
False
Is 1922 a factor of 105433542?
False
Is 36 a factor of 419067972?
True
Is 9916170 a multiple of 199?
True
Is 1366347704 a multiple of 1740?
False
Is 17 a factor of 1588101258?
False
Does 1628 divide 1814872071?
False
Is 81258774 a multiple of 275?
False
Is 114898359 a multiple of 697?
True
Is 840 a factor of 117049800?
True
Is 21395155 a multiple of 445?
True
Is 5 a factor of 464261565?
True
Is 89369710 a multiple of 80?
False
Is 6 a factor of 20701140?
True
Is 79726383 a multiple of 7?
False
Does 560 divide 53854080?
True
Does 58 divide 129451295?
False
Does 44 divide 60524594?
False
Is 193 a factor of 14233171?
True
Is 7924 a factor of 517904716?
True
Is 89 a factor of 35985370?
True
Is 45509799 a multiple of 612?
False
Does 95 divide 114569627?
False
Is 231 a factor of 32122167?
True
Does 57 divide 96537513?
False
Does 10 divide 785278014?
False
Does 14 divide 107144911?
False
Is 29 a factor of 77658897?
True
Is 727 a factor of 525736166?
False
Does 4435 divide 6487950?
False
Is 21 a factor of 17999219?
False
Does 349 divide 129281324?
False
Is 209647189 a multiple of 6?
False
Is 23193645 a multiple of 1173?
False
Does 645 divide 62441805?
True
Does 495 divide 20783070?
True
Is 16 a factor of 392705008?
True
Is 142 a factor of 32761259?
False
Does 1280 divide 242252800?
True
Does 3436 divide 6157312?
True
Is 245247656 a multiple of 2358?
False
Does 42 divide 604350838?
False
Does 191 divide 767204454?
False
Is 183648579 a multiple of 29?
False
Is 10 a factor of 1003125575?
False
Is 1217217679 a multiple of 9328?
False
Does 78 divide 2054571?
False
Is 1132 a factor of 236042328?
False
Is 1664 a factor of 143383552?
True
Is 64745238 a multiple of 16?
False
Does 21 divide 31715970?
False
Is 345 a factor of 14163975?
True
Is 50443897 a multiple of 1313?
False
Does 8 divide 66148608?
True
Does 14 divide 724906167?
False
Does 243 divide 15610320?
True
Is 2596732337 a multiple of 162?
False
Is 3700668 a multiple of 76?
True
Is 188 a factor of 8273519?
False
Is 836 a factor of 132176742?
False
Is 246 a factor of 380365656?
False
Does 44 divide 174101224?
True
Does 19 divide 362381376?
True
Is 593 a factor of 77366477?
False
Is 11 a factor of 1338442234?
False
Does 350 divide 93851450?
True
Does 407 divide 600673956?
False
Is 2077 a factor of 1109825817?
False
Does 133 divide 81409566?
True
Is 1203952512 a multiple of 816?
True
Is 296 a factor of 392238732?
False
Is 99 a factor of 30090194?
False
Is 204187800 a multiple of 12?
True
Is 22 a factor of 473890892?
False
Is 49 a factor of 114940770?
True
Is 218112000 a multiple of 480?
True
Does 538 divide 531023356?
False
Is 5708 a factor of 1433208415?
False
Is 509334516 a multiple of 1223?
False
Does 503 divide 934871113?
False
Is 3691739970 a multiple of 90?
True
Does 17 divide 3001716747?
False
Is 1089 a factor of 1658868986?
False
Is 436 a factor of 1142349648?
True
Is 960940170 a multiple of 10?
True
Does 1208 divide 1276961070?
False
Does 261 divide 42691405?
False
Is 56220243 a multiple of 37?
False
Is 138113783 a multiple of 10?
False
Is 273144224 a multiple of 125?
False
Is 1127 a factor of 500311358?
False
Is 345 a factor of 451007586?
False
Does 1668 divide 24152979?
False
Is 1027333529 a multiple of 20?
False
Is 61607259 a multiple of 279?
False
Does 26 divide 49004854?
False
Is 9939381 a multiple of 235?
False
Is 53986668 a multiple of 11?
False
Is 7712449 a multiple of 3?
False
Does 48 divide 27416832?
True
Does 682 divide 2686754799?
False
Is 1125 a factor of 910212627?
False
Is 112223232 a multiple of 3936?
True
Is 1207 a factor of 697007955?
False
Does 143 divide 58335134?
True
Is 17187850 a multiple of 277?
True
Is 4512667 a multiple of 17?
True
Does 118 divide 2658811469?
False
Does 58 divide 2435398772?
True
Is 253728656 a multiple of 4?
True
Is 1206127083 a multiple of 339?
True
Is 92353894 a multiple of 40?
False
Does 1293 divide 495330198?
True
Is 35 a factor of 2459060001?
False
Is 11 a factor of 660221021?
False
Does 241 divide 5670971?
True
Is 450631456 a multiple of 23?
True
Does 774 divide 98393202?
True
Is 34320790 a multiple of 191?
True
Does 12 divide 132769632?
True
Is 469 a factor of 296648128?
True
Does 40 divide 47437880?
True
Is 146736444 a multiple of 6?
True
Is 573 a factor of 285608314?
False
Does 291 divide 633954267?
True
Is 115 a factor of 88534488?
False
Does 12 divide 1316158250?
False
Does 46 divide 3417583?
False
Does 25 divide 6128419?
F